{"id":806,"date":"2023-05-25T16:12:21","date_gmt":"2023-05-25T15:12:21","guid":{"rendered":"https:\/\/ed-partners.be\/?page_id=806"},"modified":"2025-08-28T13:19:19","modified_gmt":"2025-08-28T12:19:19","slug":"creation-dentreprise","status":"publish","type":"page","link":"https:\/\/ed-partners.be\/index.php\/creation-dentreprise\/","title":{"rendered":"Cr\u00e9ation d&rsquo;entreprise"},"content":{"rendered":"\n<p><\/p>\n\n\n\n<div class=\"wp-block-uagb-container uagb-block-0533c673 alignfull uagb-is-root-container\"><div class=\"uagb-container-inner-blocks-wrap\">\n<div class=\"wp-block-columns is-layout-flex wp-container-core-columns-is-layout-28f84493 wp-block-columns-is-layout-flex\">\n<div class=\"wp-block-column is-layout-flow wp-block-column-is-layout-flow\" style=\"flex-basis:66.66%\">\n<div class=\"wp-block-uagb-advanced-heading uagb-block-04f266d0 uag-blocks-common-selector\" style=\"--z-index-desktop:410;;--z-index-tablet:undefined;;--z-index-mobile:undefined;\"><h1 class=\"uagb-heading-text\">Cr\u00e9ez votre entreprise<\/h1><p class=\"uagb-desc-text\">Cr\u00e9er sa soci\u00e9t\u00e9 n\u2019a jamais \u00e9t\u00e9 aussi facile avec notre solution cl\u00e9 en main. Gr\u00e2ce \u00e0 nos partenaires nous avons droit \u00e0 des proc\u00e9dures acc\u00e9l\u00e9rer. Nos conseill\u00e9s sont l\u00e0 pour vous aider<\/p><\/div>\n<\/div>\n\n\n\n<div class=\"wp-block-column is-layout-flow wp-block-column-is-layout-flow\" style=\"flex-basis:33.33%\">\n<div class=\"wp-block-uagb-image uagb-block-f6e373dd wp-block-uagb-image--layout-default wp-block-uagb-image--effect-static wp-block-uagb-image--align-none uag-hide-tab uag-hide-mob\"><figure class=\"wp-block-uagb-image__figure\"><img decoding=\"async\" srcset=\"https:\/\/ed-partners.be\/wp-content\/uploads\/2023\/05\/Fichier-2@4x-768x960-12.png \" sizes=\"auto, (max-width: 480px) 150px\" src=\"https:\/\/ed-partners.be\/wp-content\/uploads\/2023\/05\/Fichier-2@4x-768x960-12.png\" alt=\"\" class=\"uag-image-827\" width=\"768\" height=\"960\" title=\"\" loading=\"lazy\" role=\"img\"\/><\/figure><\/div>\n<\/div>\n<\/div>\n<\/div><\/div>\n\n\n\n<div class=\"wp-block-uagb-container uagb-block-1202d3fd alignfull uagb-is-root-container\"><div class=\"uagb-container-inner-blocks-wrap\">\n<div class=\"wp-block-uagb-advanced-heading uagb-block-93c98bc7\"><h2 class=\"uagb-heading-text\">Votre soci\u00e9t\u00e9 cl\u00e9 en main<\/h2><p class=\"uagb-desc-text\">ED Partners vous offre une solution cl\u00e9 en main pour la cr\u00e9ation de votre soci\u00e9t\u00e9 . Profitez d&rsquo;une exp\u00e9rience sans tracas avec notre formule tout compris, comprenant conseils juridiques, expertise comptable et plan financier sur mesure.<\/p><\/div>\n<\/div><\/div>\n\n\n\n<div class=\"wp-block-uagb-container uagb-block-e617e507 alignfull uagb-is-root-container\"><div class=\"uagb-container-inner-blocks-wrap\">\n<div class=\"wp-block-uagb-container uagb-block-b39d065d\">\n<div class=\"wp-block-uagb-info-box uagb-block-6cb184ae uagb-infobox__content-wrap  uagb-infobox-icon-above-title uagb-infobox-image-valign-top\"><div class=\"uagb-ifb-content\"><div class=\"uagb-ifb-title-wrap\"><h2 class=\"uagb-ifb-title\">Vous envisagez de donner vie \u00e0 votre projet d&rsquo;entreprise ?<\/h2><\/div><p class=\"uagb-ifb-desc\">Chez ED Partners, nous avons la solution id\u00e9ale pour vous : la cr\u00e9ation d&rsquo;une soci\u00e9t\u00e9 sous la forme juridique de Soci\u00e9t\u00e9 \u00e0 Responsabilit\u00e9 Limit\u00e9e (SRL). Notre formule tout compris vous permet de b\u00e9n\u00e9ficier d&rsquo;une structure l\u00e9gale solide et flexible, offrant de nombreux avantages. En optant pour une SRL, vous prot\u00e9gez votre patrimoine personnel, car votre responsabilit\u00e9 est limit\u00e9e au montant des apports que vous effectuez.<br><strong>Optez pour notre formule cl\u00e9 en main <\/strong><\/p><div class=\"uagb-ifb-button-wrapper wp-block-button\"><a href=\"https:\/\/cal.com\/team\/ed-partners\/\" class=\"uagb-infobox-cta-link wp-block-button__link\" target=\"_blank\" rel=\"noopener noreferrer\" onclick=\"return true;\"><span class=\"uagb-inline-editing\">Prendre rendez-vous<\/span><svg xmlns=\"https:\/\/www.w3.org\/2000\/svg\" viewBox=\"0 0 512 512\"><path d=\"M502.6 278.6l-128 128c-12.51 12.51-32.76 12.49-45.25 0c-12.5-12.5-12.5-32.75 0-45.25L402.8 288H32C14.31 288 0 273.7 0 255.1S14.31 224 32 224h370.8l-73.38-73.38c-12.5-12.5-12.5-32.75 0-45.25s32.75-12.5 45.25 0l128 128C515.1 245.9 515.1 266.1 502.6 278.6z\"><\/path><\/svg><\/a><\/div><\/div><\/div>\n<\/div>\n\n\n\n<div class=\"wp-block-uagb-container uagb-block-8ce71087\">\n<div class=\"wp-block-uagb-image uagb-block-5a9f7e17 wp-block-uagb-image--layout-default wp-block-uagb-image--effect-static wp-block-uagb-image--align-none\"><figure class=\"wp-block-uagb-image__figure\"><img decoding=\"async\" srcset=\"https:\/\/ed-partners.be\/wp-content\/uploads\/2022\/09\/about-1.jpg ,https:\/\/ed-partners.be\/wp-content\/uploads\/2022\/09\/about-1.jpg 780w, https:\/\/ed-partners.be\/wp-content\/uploads\/2022\/09\/facilites-edited.jpg 360w\" sizes=\"auto, (max-width: 480px) 150px\" src=\"https:\/\/ed-partners.be\/wp-content\/uploads\/2022\/09\/about-1.jpg\" alt=\"\" class=\"uag-image-1098\" width=\"640\" height=\"445\" title=\"\" loading=\"lazy\" role=\"img\"\/><\/figure><\/div>\n<\/div>\n<\/div><\/div>\n\n\n\n<div class=\"wp-block-uagb-container uag-hide-tab uag-hide-mob uagb-block-b0735f3f alignfull uagb-is-root-container\"><div class=\"uagb-container-inner-blocks-wrap\">\n<div class=\"wp-block-uagb-container uagb-block-fd475201\">\n<div class=\"wp-block-uagb-image aligncenter uagb-block-297049fb wp-block-uagb-image--layout-default wp-block-uagb-image--effect-static wp-block-uagb-image--align-center\"><figure class=\"wp-block-uagb-image__figure\"><img decoding=\"async\" srcset=\"https:\/\/ed-partners.be\/wp-content\/uploads\/2022\/05\/xerius.png \" sizes=\"auto, (max-width: 480px) 150px\" src=\"https:\/\/ed-partners.be\/wp-content\/uploads\/2022\/05\/xerius.png\" alt=\"Xerius\" class=\"uag-image-90\" width=\"413\" height=\"122\" title=\"\" loading=\"lazy\" role=\"img\"\/><\/figure><\/div>\n<\/div>\n\n\n\n<div class=\"wp-block-uagb-container uagb-block-01c0741d\">\n<div class=\"wp-block-uagb-image aligncenter uagb-block-3400a813 wp-block-uagb-image--layout-default wp-block-uagb-image--effect-static wp-block-uagb-image--align-center\"><figure class=\"wp-block-uagb-image__figure\"><img decoding=\"async\" srcset=\"https:\/\/ed-partners.be\/wp-content\/uploads\/2022\/05\/securex-bel-4q-1024x327.jpg \" sizes=\"auto, (max-width: 480px) 150px\" src=\"https:\/\/ed-partners.be\/wp-content\/uploads\/2022\/05\/securex-bel-4q-1024x327.jpg\" alt=\"Securex\" class=\"uag-image-94\" width=\"1024\" height=\"327\" title=\"\" loading=\"lazy\" role=\"img\"\/><\/figure><\/div>\n<\/div>\n\n\n\n<div class=\"wp-block-uagb-container uagb-block-d8bcebef\">\n<div class=\"wp-block-uagb-image aligncenter uagb-block-3b667d05 wp-block-uagb-image--layout-default wp-block-uagb-image--effect-static wp-block-uagb-image--align-center\"><figure class=\"wp-block-uagb-image__figure\"><img decoding=\"async\" srcset=\"https:\/\/ed-partners.be\/wp-content\/uploads\/2023\/05\/portal_partena_pos_rgb.png \" sizes=\"auto, (max-width: 480px) 150px\" src=\"https:\/\/ed-partners.be\/wp-content\/uploads\/2023\/05\/portal_partena_pos_rgb.png\" alt=\"Partena\" class=\"uag-image-817\" width=\"400\" height=\"144\" title=\"\" loading=\"lazy\" role=\"img\"\/><\/figure><\/div>\n<\/div>\n\n\n\n<div class=\"wp-block-uagb-container uagb-block-f7630aeb\">\n<div class=\"wp-block-uagb-image aligncenter uagb-block-370e3dd5 wp-block-uagb-image--layout-default wp-block-uagb-image--effect-static wp-block-uagb-image--align-center\"><figure class=\"wp-block-uagb-image__figure\"><img decoding=\"async\" srcset=\"https:\/\/ed-partners.be\/wp-content\/uploads\/2023\/05\/logo.png \" sizes=\"auto, (max-width: 480px) 150px\" src=\"https:\/\/ed-partners.be\/wp-content\/uploads\/2023\/05\/logo.png\" alt=\"Liantis\" class=\"uag-image-818\" width=\"350\" height=\"135\" title=\"\" loading=\"lazy\" role=\"img\"\/><\/figure><\/div>\n<\/div>\n<\/div><\/div>\n\n\n\n<div class=\"wp-block-uagb-container uagb-block-44edfb8e alignfull uagb-is-root-container\"><div class=\"uagb-container-inner-blocks-wrap\">\n<div class=\"wp-block-uagb-container uagb-block-79f4465e\">\n<div class=\"wp-block-uagb-container uagb-block-559374f5\">\n<div class=\"wp-block-uagb-container uagb-block-21834932\">\n<div class=\"wp-block-uagb-image uagb-block-dba6ebf2 wp-block-uagb-image--layout-default wp-block-uagb-image--effect-static wp-block-uagb-image--align-none\"><figure class=\"wp-block-uagb-image__figure\"><img decoding=\"async\" srcset=\"https:\/\/ed-partners.be\/wp-content\/uploads\/2022\/11\/conf-room.jpg ,https:\/\/ed-partners.be\/wp-content\/uploads\/2022\/09\/about-1.jpg 780w, https:\/\/ed-partners.be\/wp-content\/uploads\/2022\/09\/facilites-edited.jpg 360w\" sizes=\"auto, (max-width: 480px) 150px\" src=\"https:\/\/ed-partners.be\/wp-content\/uploads\/2022\/11\/conf-room.jpg\" alt=\"\" class=\"uag-image-728\" width=\"480\" height=\"320\" title=\"\" loading=\"lazy\" role=\"img\"\/><\/figure><\/div>\n<\/div>\n\n\n\n<div class=\"wp-block-uagb-container uagb-block-cd71ee8c\">\n<div class=\"wp-block-uagb-info-box uagb-block-c6165491 uagb-infobox__content-wrap  uagb-infobox-icon-above-title uagb-infobox-image-valign-top\"><div class=\"uagb-ifb-content\"><div class=\"uagb-ifb-title-wrap\"><h2 class=\"uagb-ifb-title\">Votre plan financier personnalis\u00e9 inclus<\/h2><\/div><p class=\"uagb-ifb-desc\">Nous vous offrons \u00e9galement les services d&rsquo;un expert-comptable d\u00e9di\u00e9 qui vous accompagnera tout au long du processus. Notre expert sera \u00e0 vos c\u00f4t\u00e9s pour vous conseiller sur les meilleures pratiques financi\u00e8res et fiscales, en veillant \u00e0 ce que votre entreprise soit sur la voie du succ\u00e8s d\u00e8s le d\u00e9part. Notre \u00e9quipe \u00e9tablira un plan financier complet et d\u00e9taill\u00e9, adapt\u00e9 \u00e0 votre activit\u00e9 et \u00e0 vos objectifs. Ce plan financier constitue une feuille de route essentielle pour vous aider \u00e0 prendre des d\u00e9cisions \u00e9clair\u00e9es, \u00e0 anticiper les besoins financiers futurs et \u00e0 maximiser vos chances de croissance<br><strong>Optez pour notre formule cl\u00e9 en main <\/strong><\/p><\/div><\/div>\n<\/div>\n<\/div>\n\n\n\n<div class=\"wp-block-uagb-advanced-heading uagb-block-3ee93307\"><h2 class=\"uagb-heading-text\">Nos formules<\/h2><p class=\"uagb-desc-text\">Choisissez la formule qui vous convient le mieux.  <\/p><\/div>\n\n\n\n<div class=\"wp-block-columns is-layout-flex wp-container-core-columns-is-layout-28f84493 wp-block-columns-is-layout-flex\">\n<div class=\"wp-block-column is-layout-flow wp-block-column-is-layout-flow\">\n<div class=\"wp-block-uagb-info-box uagb-block-1d5ab24d uagb-infobox__content-wrap  uagb-infobox-icon-above-title uagb-infobox-image-valign-top\"><div class=\"uagb-ifb-content\"><div class=\"uagb-ifb-title-wrap\"><h3 class=\"uagb-ifb-title\">Ind\u00e9pendant<\/h3><\/div><p class=\"uagb-ifb-desc\">Affiliation \u00e0 la BCE<br>Affiliation caisse d\u2019assurance<br>Cr\u00e9ation de l\u2019UE<br>Activation du num\u00e9ro de TVA<br>&#8211;<br>&#8211;<br>&#8211;<\/p><div class=\"uagb-ifb-button-wrapper wp-block-button\"><a href=\"https:\/\/cal.com\/team\/ed-partners\/\" class=\"uagb-infobox-cta-link wp-block-button__link\" target=\"_blank\" rel=\"noopener noreferrer\" onclick=\"return true;\"><span class=\"uagb-inline-editing\">Apd 300 \u20ac<\/span><svg xmlns=\"https:\/\/www.w3.org\/2000\/svg\" viewBox=\"0 0 512 512\"><path d=\"M504.3 273.6l-112.1 104c-6.992 6.484-17.18 8.218-25.94 4.406c-8.758-3.812-14.42-12.45-14.42-21.1L351.9 288H32C14.33 288 .0002 273.7 .0002 255.1S14.33 224 32 224h319.9l0-72c0-9.547 5.66-18.19 14.42-22c8.754-3.809 18.95-2.075 25.94 4.41l112.1 104C514.6 247.9 514.6 264.1 504.3 273.6z\"><\/path><\/svg><\/a><\/div><\/div><\/div>\n<\/div>\n\n\n\n<div class=\"wp-block-column is-layout-flow wp-block-column-is-layout-flow\">\n<div class=\"wp-block-uagb-info-box uagb-block-a44ed06d uagb-infobox__content-wrap  uagb-infobox-icon-above-title uagb-infobox-image-valign-top\"><div class=\"uagb-ifb-content\"><div class=\"uagb-ifb-title-wrap\"><h3 class=\"uagb-ifb-title\">SNC<\/h3><\/div><p class=\"uagb-ifb-desc\">Cr\u00e9ation de l\u2019acte constitutif<br>Affiliation caisse d\u2019assurance<br>Publication au moniteur<br>Cr\u00e9ation de l\u2019UE<br>Affiliation \u00e0 la BCE<br>Activation du num\u00e9ro de TVA<br>Registre UBO<\/p><div class=\"uagb-ifb-button-wrapper wp-block-button\"><a href=\"https:\/\/cal.com\/team\/ed-partners\/\" class=\"uagb-infobox-cta-link wp-block-button__link\" target=\"_blank\" rel=\"noopener noreferrer\" onclick=\"return true;\"><span class=\"uagb-inline-editing\">Apd 1100 \u20ac<\/span><svg xmlns=\"https:\/\/www.w3.org\/2000\/svg\" viewBox=\"0 0 512 512\"><path d=\"M504.3 273.6l-112.1 104c-6.992 6.484-17.18 8.218-25.94 4.406c-8.758-3.812-14.42-12.45-14.42-21.1L351.9 288H32C14.33 288 .0002 273.7 .0002 255.1S14.33 224 32 224h319.9l0-72c0-9.547 5.66-18.19 14.42-22c8.754-3.809 18.95-2.075 25.94 4.41l112.1 104C514.6 247.9 514.6 264.1 504.3 273.6z\"><\/path><\/svg><\/a><\/div><\/div><\/div>\n<\/div>\n\n\n\n<div class=\"wp-block-column is-layout-flow wp-block-column-is-layout-flow\">\n<div class=\"wp-block-uagb-info-box uagb-block-c3794391 uagb-infobox__content-wrap  uagb-infobox-icon-above-title uagb-infobox-image-valign-top\"><div class=\"uagb-ifb-content\"><div class=\"uagb-ifb-title-wrap\"><h3 class=\"uagb-ifb-title\">SRL<\/h3><\/div><p class=\"uagb-ifb-desc\">Acte notari\u00e9<br>Cr\u00e9ation du plan financier<br>Affiliation \u00e0 la BCE<br>Affiliation caisse d\u2019assurance<br>Cr\u00e9ation de l\u2019UE<br>Activation du num\u00e9ro de TVA<br>Registre UBO<\/p><div class=\"uagb-ifb-button-wrapper wp-block-button\"><a href=\"https:\/\/cal.com\/team\/ed-partners\/\" class=\"uagb-infobox-cta-link wp-block-button__link\" target=\"_blank\" rel=\"noopener noreferrer\" onclick=\"return true;\"><span class=\"uagb-inline-editing\">Apd 2300 \u20ac<\/span><svg xmlns=\"https:\/\/www.w3.org\/2000\/svg\" viewBox=\"0 0 512 512\"><path d=\"M504.3 273.6l-112.1 104c-6.992 6.484-17.18 8.218-25.94 4.406c-8.758-3.812-14.42-12.45-14.42-21.1L351.9 288H32C14.33 288 .0002 273.7 .0002 255.1S14.33 224 32 224h319.9l0-72c0-9.547 5.66-18.19 14.42-22c8.754-3.809 18.95-2.075 25.94 4.41l112.1 104C514.6 247.9 514.6 264.1 504.3 273.6z\"><\/path><\/svg><\/a><\/div><\/div><\/div>\n<\/div>\n<\/div>\n<\/div>\n\n\n\n<div class=\"wp-block-uagb-container uagb-block-fa7485a5\">\n<div class=\"wp-block-uagb-container uagb-block-ffeff8f8\">\n<div class=\"wp-block-uagb-image uagb-block-87d7b14e wp-block-uagb-image--layout-default wp-block-uagb-image--effect-static wp-block-uagb-image--align-none\"><figure class=\"wp-block-uagb-image__figure\"><img decoding=\"async\" srcset=\"https:\/\/ed-partners.be\/wp-content\/uploads\/2022\/08\/f-1.jpg , https:\/\/ed-partners.be\/wp-content\/uploads\/2022\/09\/about-01.png 360w\" sizes=\"auto, (max-width: 480px) 150px\" src=\"https:\/\/ed-partners.be\/wp-content\/uploads\/2022\/08\/f-1.jpg\" alt=\"\" class=\"uag-image-496\" width=\"380\" height=\"502\" title=\"\" loading=\"lazy\" role=\"img\"\/><\/figure><\/div>\n<\/div>\n\n\n\n<div class=\"wp-block-uagb-container uagb-block-a1e52a83\">\n<div class=\"wp-block-uagb-info-box uagb-block-b71e3782 uagb-infobox__content-wrap  uagb-infobox-icon-above-title uagb-infobox-image-valign-top\"><div class=\"uagb-ifb-content\"><div class=\"uagb-ifb-title-wrap\"><h3 class=\"uagb-ifb-title\">Profitez d&rsquo;une comptabilit\u00e9 100% digitale.<\/h3><\/div><p class=\"uagb-ifb-desc\">Dans notre Bureau, nous valorisons l&rsquo;efficacit\u00e9 et l&rsquo;innovation. C&rsquo;est pourquoi nous vous offrons la possibilit\u00e9 de profiter d&rsquo;une comptabilit\u00e9 100% digitale pour votre nouvelle soci\u00e9t\u00e9. En collaboration avec notre fiduciaire partenaire de confiance ED Accountant. <\/p><div class=\"uagb-ifb-button-wrapper wp-block-button\"><a href=\"https:\/\/ed-accountant.be\/\" class=\"uagb-infobox-cta-link wp-block-button__link\" target=\"_blank\" rel=\"noopener noreferrer\" onclick=\"return true;\"><span class=\"uagb-inline-editing\">Contactez ED Accountant<\/span><svg xmlns=\"https:\/\/www.w3.org\/2000\/svg\" viewBox=\"0 0 512 512\"><path d=\"M502.6 278.6l-128 128c-12.51 12.51-32.76 12.49-45.25 0c-12.5-12.5-12.5-32.75 0-45.25L402.8 288H32C14.31 288 0 273.7 0 255.1S14.31 224 32 224h370.8l-73.38-73.38c-12.5-12.5-12.5-32.75 0-45.25s32.75-12.5 45.25 0l128 128C515.1 245.9 515.1 266.1 502.6 278.6z\"><\/path><\/svg><\/a><\/div><\/div><\/div>\n<\/div>\n<\/div>\n<\/div><\/div>\n","protected":false},"excerpt":{"rendered":"<p>Cr\u00e9ez votre entreprise Cr\u00e9er sa soci\u00e9t\u00e9 n\u2019a jamais \u00e9t\u00e9 aussi facile avec notre solution cl\u00e9 en main. Gr\u00e2ce \u00e0 nos partenaires nous avons droit \u00e0 des proc\u00e9dures acc\u00e9l\u00e9rer. Nos conseill\u00e9s sont l\u00e0 pour vous aider Votre soci\u00e9t\u00e9 cl\u00e9 en main ED Partners vous offre une solution cl\u00e9 en main pour la cr\u00e9ation de votre soci\u00e9t\u00e9 [&hellip;]<\/p>\n","protected":false},"author":1,"featured_media":0,"parent":0,"menu_order":0,"comment_status":"closed","ping_status":"closed","template":"","meta":{"om_disable_all_campaigns":false,"_uag_custom_page_level_css":"","_monsterinsights_skip_tracking":false,"_monsterinsights_sitenote_active":false,"_monsterinsights_sitenote_note":"","_monsterinsights_sitenote_category":0,"site-sidebar-layout":"default","site-content-layout":"","ast-site-content-layout":"default","site-content-style":"default","site-sidebar-style":"default","ast-global-header-display":"","ast-banner-title-visibility":"","ast-main-header-display":"","ast-hfb-above-header-display":"","ast-hfb-below-header-display":"","ast-hfb-mobile-header-display":"","site-post-title":"disabled","ast-breadcrumbs-content":"","ast-featured-img":"","footer-sml-layout":"","theme-transparent-header-meta":"","adv-header-id-meta":"","stick-header-meta":"","header-above-stick-meta":"","header-main-stick-meta":"","header-below-stick-meta":"","astra-migrate-meta-layouts":"set","ast-page-background-enabled":"default","ast-page-background-meta":{"desktop":{"background-color":"var(--ast-global-color-4)","background-image":"","background-repeat":"repeat","background-position":"center center","background-size":"auto","background-attachment":"scroll","background-type":"","background-media":"","overlay-type":"","overlay-color":"","overlay-opacity":"","overlay-gradient":""},"tablet":{"background-color":"","background-image":"","background-repeat":"repeat","background-position":"center center","background-size":"auto","background-attachment":"scroll","background-type":"","background-media":"","overlay-type":"","overlay-color":"","overlay-opacity":"","overlay-gradient":""},"mobile":{"background-color":"","background-image":"","background-repeat":"repeat","background-position":"center center","background-size":"auto","background-attachment":"scroll","background-type":"","background-media":"","overlay-type":"","overlay-color":"","overlay-opacity":"","overlay-gradient":""}},"ast-content-background-meta":{"desktop":{"background-color":"var(--ast-global-color-5)","background-image":"","background-repeat":"repeat","background-position":"center center","background-size":"auto","background-attachment":"scroll","background-type":"","background-media":"","overlay-type":"","overlay-color":"","overlay-opacity":"","overlay-gradient":""},"tablet":{"background-color":"var(--ast-global-color-5)","background-image":"","background-repeat":"repeat","background-position":"center center","background-size":"auto","background-attachment":"scroll","background-type":"","background-media":"","overlay-type":"","overlay-color":"","overlay-opacity":"","overlay-gradient":""},"mobile":{"background-color":"var(--ast-global-color-5)","background-image":"","background-repeat":"repeat","background-position":"center center","background-size":"auto","background-attachment":"scroll","background-type":"","background-media":"","overlay-type":"","overlay-color":"","overlay-opacity":"","overlay-gradient":""}},"footnotes":""},"class_list":["post-806","page","type-page","status-publish","hentry"],"aioseo_notices":[],"uagb_featured_image_src":{"full":false,"thumbnail":false,"medium":false,"medium_large":false,"large":false,"1536x1536":false,"2048x2048":false},"uagb_author_info":{"display_name":"E&amp;D PARTNERS","author_link":"https:\/\/ed-partners.be\/index.php\/author\/edpartners1932\/"},"uagb_comment_info":0,"uagb_excerpt":"Cr\u00e9ez votre entreprise Cr\u00e9er sa soci\u00e9t\u00e9 n\u2019a jamais \u00e9t\u00e9 aussi facile avec notre solution cl\u00e9 en main. Gr\u00e2ce \u00e0 nos partenaires nous avons droit \u00e0 des proc\u00e9dures acc\u00e9l\u00e9rer. Nos conseill\u00e9s sont l\u00e0 pour vous aider Votre soci\u00e9t\u00e9 cl\u00e9 en main ED Partners vous offre une solution cl\u00e9 en main pour la cr\u00e9ation de votre soci\u00e9t\u00e9&hellip;","_links":{"self":[{"href":"https:\/\/ed-partners.be\/index.php\/wp-json\/wp\/v2\/pages\/806","targetHints":{"allow":["GET"]}}],"collection":[{"href":"https:\/\/ed-partners.be\/index.php\/wp-json\/wp\/v2\/pages"}],"about":[{"href":"https:\/\/ed-partners.be\/index.php\/wp-json\/wp\/v2\/types\/page"}],"author":[{"embeddable":true,"href":"https:\/\/ed-partners.be\/index.php\/wp-json\/wp\/v2\/users\/1"}],"replies":[{"embeddable":true,"href":"https:\/\/ed-partners.be\/index.php\/wp-json\/wp\/v2\/comments?post=806"}],"version-history":[{"count":22,"href":"https:\/\/ed-partners.be\/index.php\/wp-json\/wp\/v2\/pages\/806\/revisions"}],"predecessor-version":[{"id":1115,"href":"https:\/\/ed-partners.be\/index.php\/wp-json\/wp\/v2\/pages\/806\/revisions\/1115"}],"wp:attachment":[{"href":"https:\/\/ed-partners.be\/index.php\/wp-json\/wp\/v2\/media?parent=806"}],"curies":[{"name":"wp","href":"https:\/\/api.w.org\/{rel}","templated":true}]}}